{"version":"1.0","provider_name":"MUNICIPALIDAD DISTRITAL DE CORANI","provider_url":"https:\/\/municorani.gob.pe","author_name":"CORANI","author_url":"https:\/\/municorani.gob.pe\/index.php\/author\/corani\/","title":"ANIVERSARIO PROVINCIA DE CARABAYA-2024 - MUNICIPALIDAD DISTRITAL DE CORANI","type":"rich","width":600,"height":338,"html":"<blockquote class=\"wp-embedded-content\" data-secret=\"3U69O7i6vN\"><a href=\"https:\/\/municorani.gob.pe\/index.php\/aniversario-provincia-de-carabaya-2024\/\">ANIVERSARIO PROVINCIA DE CARABAYA-2024<\/a><\/blockquote><iframe sandbox=\"allow-scripts\" security=\"restricted\" src=\"https:\/\/municorani.gob.pe\/index.php\/aniversario-provincia-de-carabaya-2024\/embed\/#?secret=3U69O7i6vN\" width=\"600\" height=\"338\" title=\"\u00abANIVERSARIO PROVINCIA DE CARABAYA-2024\u00bb \u2014 MUNICIPALIDAD DISTRITAL DE CORANI\" data-secret=\"3U69O7i6vN\" frameborder=\"0\" marginwidth=\"0\" marginheight=\"0\" scrolling=\"no\" class=\"wp-embedded-content\"><\/iframe><script type=\"text\/javascript\">\n\/* <![CDATA[ *\/\n\/*! This file is auto-generated *\/\n!function(d,l){\"use strict\";l.querySelector&&d.addEventListener&&\"undefined\"!=typeof URL&&(d.wp=d.wp||{},d.wp.receiveEmbedMessage||(d.wp.receiveEmbedMessage=function(e){var t=e.data;if((t||t.secret||t.message||t.value)&&!\/[^a-zA-Z0-9]\/.test(t.secret)){for(var s,r,n,a=l.querySelectorAll('iframe[data-secret=\"'+t.secret+'\"]'),o=l.querySelectorAll('blockquote[data-secret=\"'+t.secret+'\"]'),c=new RegExp(\"^https?:$\",\"i\"),i=0;i<o.length;i++)o[i].style.display=\"none\";for(i=0;i<a.length;i++)s=a[i],e.source===s.contentWindow&&(s.removeAttribute(\"style\"),\"height\"===t.message?(1e3<(r=parseInt(t.value,10))?r=1e3:~~r<200&&(r=200),s.height=r):\"link\"===t.message&&(r=new URL(s.getAttribute(\"src\")),n=new URL(t.value),c.test(n.protocol))&&n.host===r.host&&l.activeElement===s&&(d.top.location.href=t.value))}},d.addEventListener(\"message\",d.wp.receiveEmbedMessage,!1),l.addEventListener(\"DOMContentLoaded\",function(){for(var e,t,s=l.querySelectorAll(\"iframe.wp-embedded-content\"),r=0;r<s.length;r++)(t=(e=s[r]).getAttribute(\"data-secret\"))||(t=Math.random().toString(36).substring(2,12),e.src+=\"#?secret=\"+t,e.setAttribute(\"data-secret\",t)),e.contentWindow.postMessage({message:\"ready\",secret:t},\"*\")},!1)))}(window,document);\n\/\/# sourceURL=https:\/\/municorani.gob.pe\/wp-includes\/js\/wp-embed.min.js\n\/* ]]> *\/\n<\/script>\n","thumbnail_url":"https:\/\/municorani.gob.pe\/wp-content\/uploads\/2024\/02\/PORTADA-4-1.jpg","thumbnail_width":2002,"thumbnail_height":600,"description":"\ud835\udc00\ud835\udc0b\ud835\udc02\ud835\udc00\ud835\udc0b\ud835\udc03\ud835\udc04 \ud835\udc03\ud835\udc08\ud835\udc12\ud835\udc13\ud835\udc11\ud835\udc08\ud835\udc13\ud835\udc00\ud835\udc0b \ud835\udc03\ud835\udc04 \ud835\udc02\ud835\udc0e\ud835\udc11\ud835\udc00\ud835\udc0d\ud835\udc08 \ud835\udc09\ud835\udc14\ud835\udc0d\ud835\udc13\ud835\udc0e \ud835\udc00 \ud835\udc0b\ud835\udc0e\ud835\udc12 \ud835\udc11\ud835\udc04\ud835\udc06\ud835\udc08\ud835\udc03\ud835\udc0e\ud835\udc11\ud835\udc04\ud835\udc12 \ud835\udc0f\ud835\udc00\ud835\udc11\ud835\udc13\ud835\udc08\ud835\udc02\ud835\udc08\ud835\udc0f\u00d3 \ud835\udc03\ud835\udc04 \ud835\udc02\ud835\udc04\ud835\udc11\ud835\udc04\ud835\udc0c\ud835\udc0e\ud835\udc0d\ud835\udc08\ud835\udc00 \ud835\udc02\ud835\udc04\ud835\udc0d\ud835\udc13\ud835\udc11\ud835\udc00\ud835\udc0b \ud835\udc0f\ud835\udc0e\ud835\udc11 \ud835\udc04\ud835\udc0b \ud835\udfcf\ud835\udfd2\ud835\udfd7 \ud835\udc00\ud835\udc0d\ud835\udc08\ud835\udc15\ud835\udc04\ud835\udc11\ud835\udc12\ud835\udc00\ud835\udc11\ud835\udc08\ud835\udc0e \ud835\udc03\ud835\udc04 \ud835\udc0b\ud835\udc00 \ud835\udc0f\ud835\udc11\ud835\udc0e\ud835\udc15\ud835\udc08\ud835\udc0d\ud835\udc02\ud835\udc08\ud835\udc00 \ud835\udc03\ud835\udc04 \ud835\udc02\ud835\udc00\ud835\udc11\ud835\udc00\ud835\udc01\ud835\udc00\ud835\udc18\ud835\udc00 El alcalde de la Municipalidad Distrital de Corani, CPC. Patricio D\u00e1vila Castellanos, cuerpo de regidores y funcionarios, particip\u00f3 en la ceremonia central y desfile c\u00edvico por el 149 aniversario de creaci\u00f3n pol\u00edtica de la provincia de Carabaya &#8211; Macusani. A nombre del concejo pleno y pueblo de Corani, expres\u00f3 Leer m\u00e1s..."}

𝐀𝐋𝐂𝐀𝐋𝐃𝐄 𝐃𝐈𝐒𝐓𝐑𝐈𝐓𝐀𝐋 𝐃𝐄 𝐂𝐎𝐑𝐀𝐍𝐈 𝐉𝐔𝐍𝐓𝐎 𝐀 𝐋𝐎𝐒 𝐑𝐄𝐆𝐈𝐃𝐎𝐑𝐄𝐒 𝐏𝐀𝐑𝐓𝐈𝐂𝐈𝐏Ó 𝐃𝐄 𝐂𝐄𝐑𝐄𝐌𝐎𝐍𝐈𝐀 𝐂𝐄𝐍𝐓𝐑𝐀𝐋 𝐏𝐎𝐑 𝐄𝐋 𝟏𝟒𝟗 𝐀𝐍𝐈𝐕𝐄𝐑𝐒𝐀𝐑𝐈𝐎 𝐃𝐄 𝐋𝐀 𝐏𝐑𝐎𝐕𝐈𝐍𝐂𝐈𝐀 𝐃𝐄 𝐂𝐀𝐑𝐀𝐁𝐀𝐘𝐀 El alcalde de la Municipalidad Distrital de Corani, CPC. Patricio Dávila Castellanos, cuerpo de regidores y funcionarios, participó en la ceremonia central y desfile cívico por el 149 aniversario de creación política de la provincia de Carabaya &#8211; Macusani. A nombre del concejo pleno y pueblo de Corani, expresó Leer más...
